{"id":349,"date":"2020-04-22T17:53:39","date_gmt":"2020-04-22T17:53:39","guid":{"rendered":"https:\/\/foerderverein-stadtmuseum-kt.de\/?page_id=349"},"modified":"2020-05-28T18:24:28","modified_gmt":"2020-05-28T18:24:28","slug":"tagungen","status":"publish","type":"page","link":"https:\/\/foerderverein-stadtmuseum-kt.de\/?page_id=349","title":{"rendered":"Tagungen"},"content":{"rendered":"<p><img loading=\"lazy\" decoding=\"async\" class=\"alignnone size-medium wp-image-438 aligncenter\" src=\"https:\/\/foerderverein-stadtmuseum-kt.de\/wp-content\/uploads\/2020\/04\/IMG_2165a-300x150.jpg\" alt=\"\" width=\"300\" height=\"150\" srcset=\"https:\/\/foerderverein-stadtmuseum-kt.de\/wp-content\/uploads\/2020\/04\/IMG_2165a-300x150.jpg 300w, https:\/\/foerderverein-stadtmuseum-kt.de\/wp-content\/uploads\/2020\/04\/IMG_2165a-768x384.jpg 768w, https:\/\/foerderverein-stadtmuseum-kt.de\/wp-content\/uploads\/2020\/04\/IMG_2165a-1024x512.jpg 1024w\" sizes=\"auto, (max-width: 300px) 100vw, 300px\" \/><\/p>\n<p class=\"bodytext\"><b>2017 <\/b><b>\u201eGegenwart sammeln und ausstellen\u201c &#8211; Fortbildungsveranstaltung\/Tagung im St\u00e4dtischen Museum Kitzingen<\/b>\u00a0in Kooperation mit der Bayerischen Museumsakademie M\u00fcnchen und dem Bayerischen Landesverein f\u00fcr Heimatpflege M\u00fcnchen, sowie der Professur f\u00fcr Museologie W\u00fcrzburg.<b>\u00a0<\/b>Ziel der Tagung war es, innerhalb von Fachvortr\u00e4gen und drei World-Caf\u00e9-Stationen zu erarbeiten, inwieweit die Gegenwart in den kulturhistorischen Museen Bayerns thematisch Ber\u00fccksichtigung findet, bzw. finden sollte. Ausgangspunkt war die aktuelle Beobachtung, dass Ausstellungen, Veranstaltungen und Sonderpr\u00e4sentationen zur deutschen Geschichte in vielen kulturhistorischen Museen Bayerns inhaltlich sp\u00e4testens mit dem Jahr 1945 enden. So war es eine zentrale Erkenntnis der Tagung, dass Heimatmuseen, die sich den Herausforderungen, sowie kulturellen und k\u00fcnstlerischen Ph\u00e4nomenen der Gegenwartskultur \u00f6ffnen, eine besonders geeignete, von politischen und konfessionellen Schwellen freie, Kommunikationsplattform bieten, um einen Beitrag zur Entmythologisierung des Heimatbegriffes zu leisten. Das Museum Kitzingen gilt in Fachkreisen als Vorreiter f\u00fcr diese moderne, gegenwartsbezogene Position, wie sich bereits auf der Fr\u00fchjahrstagung der Museumsakademie 2016 in M\u00fcnchen gezeigt hatte. Daher war es 2017 als Tagungsort f\u00fcr die aktuelle Fortbildungsveranstaltung zur Gegenwartskultur ausgew\u00e4hlt worden. (3. April 2017)<\/p>\n<hr \/>\n<p><img loading=\"lazy\" decoding=\"async\" class=\"alignnone size-medium wp-image-440 aligncenter\" src=\"https:\/\/foerderverein-stadtmuseum-kt.de\/wp-content\/uploads\/2020\/04\/UtfrMusuemstag-300x206.jpg\" alt=\"\" width=\"300\" height=\"206\" srcset=\"https:\/\/foerderverein-stadtmuseum-kt.de\/wp-content\/uploads\/2020\/04\/UtfrMusuemstag-300x206.jpg 300w, https:\/\/foerderverein-stadtmuseum-kt.de\/wp-content\/uploads\/2020\/04\/UtfrMusuemstag-768x527.jpg 768w, https:\/\/foerderverein-stadtmuseum-kt.de\/wp-content\/uploads\/2020\/04\/UtfrMusuemstag-1024x703.jpg 1024w\" sizes=\"auto, (max-width: 300px) 100vw, 300px\" \/><\/p>\n<p class=\"bodytext\"><strong>2011.<\/strong> <b>27. Unterfr\u00e4nkischer Museumstag im St\u00e4dtischen Museum Kitzingen &#8211; \u201eArch\u00e4ologische Netzwerke\u201c, <\/b>Tagung mit Exkursion (zweit\u00e4gig) im St\u00e4dtischen Museum Kitzingen in Kooperation mit Vertretern der Regierung und des Bezirks Unterfranken, Dr. Erwin Dotzel, Dr. Paul Beinhofer, Prof. Dr. Reder, Dr. Peter Ditze, weiterhin mit Prof. Dr. Frank Falkenstein, Lehrst. f. VFG-Arch\u00e4ologie der Uni W\u00fcrzburg, Prof. Dr. Guido Fackler, Professur f\u00fcr Museologie an der Universit\u00e4t W\u00fcrzburg, Dr. Michael Hoppe, BLfD, Dr. Albrecht Gribl, Landesstelle f. nichtstaatl. Museen, M\u00fcnchen, u.v.a.; (12. Oktober 2011)<\/p>\n<hr \/>\n<p><img loading=\"lazy\" decoding=\"async\" class=\"size-medium wp-image-559 aligncenter\" src=\"https:\/\/foerderverein-stadtmuseum-kt.de\/wp-content\/uploads\/2020\/05\/Bild-6-300x201.jpg\" alt=\"\" width=\"300\" height=\"201\" srcset=\"https:\/\/foerderverein-stadtmuseum-kt.de\/wp-content\/uploads\/2020\/05\/Bild-6-300x201.jpg 300w, https:\/\/foerderverein-stadtmuseum-kt.de\/wp-content\/uploads\/2020\/05\/Bild-6-768x514.jpg 768w, https:\/\/foerderverein-stadtmuseum-kt.de\/wp-content\/uploads\/2020\/05\/Bild-6-150x100.jpg 150w, https:\/\/foerderverein-stadtmuseum-kt.de\/wp-content\/uploads\/2020\/05\/Bild-6.jpg 968w\" sizes=\"auto, (max-width: 300px) 100vw, 300px\" \/><\/p>\n<p class=\"bodytext\"><strong>2009\u00a0<\/strong> <b>Arch\u00e4ologie-Herbst mit Vortr\u00e4gen<\/b>, Werner Gimperlein, Mark Brooks, Karl Schneider, Hans Koppelt, Peter Sch\u00f6derlein, Markus Gebert, Erhard Greulich, Reinhold H\u00fc\u00dfner, Wolfgang D\u00f6ring, Inge Thomaier, J\u00fcrgen Haerth, Harald Delbr\u00fcgge, Wolfgang Lauck, Norbert Bischof, Lisa-Marie Schneider, Stefan Preller, Barbara Daub, Julia Daub, Dipl. Ing. Frank Bier M.A., Dr. Moritz Kinzel M.A., Gudrun Etienne, Valentin Schreiber u.v.a. (Oktober 2009)<\/p>\n<hr \/>\n<p><img loading=\"lazy\" decoding=\"async\" class=\"size-medium wp-image-561 aligncenter\" src=\"https:\/\/foerderverein-stadtmuseum-kt.de\/wp-content\/uploads\/2020\/05\/PICT0137-300x199.jpg\" alt=\"\" width=\"300\" height=\"199\" \/><\/p>\n<p class=\"bodytext\"><strong>2009<\/strong> <b>Zweites Johann Rudolph Glauber Symposium<\/b>, unter Mitwirkung von Dr. Rainer Werthmann, Prof. Dr. Helmut Gebelein, Justus-Liebig-Universit\u00e4t Gie\u00dfen, Dr. Claudia Schweitzer, Musikhochschule Leipzig, Anette Potempa TU Schweinfurt\/W\u00fcrzburg. (17. Oktober 2009)<\/p>\n<hr \/>\n<p><img loading=\"lazy\" decoding=\"async\" class=\"size-medium wp-image-563 aligncenter\" src=\"https:\/\/foerderverein-stadtmuseum-kt.de\/wp-content\/uploads\/2020\/05\/SSA52005-300x225.jpg\" alt=\"\" width=\"300\" height=\"225\" \/><\/p>\n<p class=\"bodytext\" style=\"text-align: left;\"><b>2008 Erlebniswoche zur Arch\u00e4ologie im Landkreis Kitzingen.<\/b>\u00a0Erlebnisangebote f\u00fcr Kinder sowie Exkursionen und Vortr\u00e4ge zu den Ergebnissen des Arch\u00e4ologischen Netzwerks Kitzinger Land in den Jahren 2005 &#8211; 2008 im St\u00e4dtischen Museum Kitzingen, dem arch\u00e4ologische Museum in der alten Schule Segnitz (heute Segeum), Malerwinkelhaus Marktbreit, Arch\u00e4ologische Sammlung Buchbrunn im Rathaus, Gro\u00dflangheim, Mainbernheim. (Oktober 2008)<\/p>\n<hr \/>\n<p><img loading=\"lazy\" decoding=\"async\" class=\"size-medium wp-image-565 aligncenter\" src=\"https:\/\/foerderverein-stadtmuseum-kt.de\/wp-content\/uploads\/2020\/05\/DSC03030-300x201.jpg\" alt=\"\" width=\"300\" height=\"201\" \/><\/p>\n<p class=\"bodytext\"><strong>2008\u00a0 <\/strong><b>Die Kitzinger \u201eKnoff-Hoff-Show\u201c &#8211; Fachsymposium zur Johann Rudolph Glauber Ausstellung<\/b>\u00a0<b>im St\u00e4dtischen Museum Kitzingen und der Synagoge Kitzingen.<\/b>\u00a0Anlass der feierlichen Veranstaltung war die M\u00f6glichkeit zur Fortsetzung des Johann Rudolph Glauber Forschungsprojektes aufgrund einer gro\u00dfz\u00fcgigen F\u00f6rderung durch die Kulturstiftung des Bezirks Unterfranken. Bezirkstagspr\u00e4sident Erwin Dotzel stellte in seinem Gru\u00dfwort die Bedeutung Glaubers f\u00fcr die Region Unterfranken vor. Nach einem anschaulichen und gut recherchierten Streifzug durch Glaubers Leben und Wirken verlieh der Bezirkstagspr\u00e4sident seiner Freude \u00fcber die laufenden Forschungen erkennbaren Ausdruck, indem er das in Kitzingen seit 2006 aufgenommene Glauber-Projekt als das wichtigste bezeichnete, \u201edas zur Zeit von der Kulturstiftung des Bezirks Unterfranken gef\u00f6rdert wird\u201c!\u00a0 Auch lobte der Bezirkstagspr\u00e4sident die vielf\u00e4ltigen didaktischen M\u00f6glichkeiten, welche das Projekt hinsichtlich der Vermittlung im Sinne des gemeinsamen Bildungsauftrages bereithalte, was sich auch an diesem Tag wieder an der bereitgestellten Versuchsanordnung Prof. Dr. Gebeleins zeige. Wohlwollend bezeichnet er die Installation als Kitzinger \u201eKnoff-Hoff-Show\u201c. Tagung in Kooperation mit Prof. Dr. Helmut Gebelein, Gie\u00dfen, Dr. Rainer Werthmann, Kassel, Dr. Claudia Schweitzer, Leipzig, Martin Schwab und Dr. Christiane Gerstner, Armin Knab Gymnasium Kitzingen. (August 2008)<\/p>\n<hr \/>\n<p><img loading=\"lazy\" decoding=\"async\" class=\"size-medium wp-image-568 aligncenter\" src=\"https:\/\/foerderverein-stadtmuseum-kt.de\/wp-content\/uploads\/2020\/05\/1554866_1_hugo_2_bg_p1513131-300x225.jpg\" alt=\"\" width=\"300\" height=\"225\" srcset=\"https:\/\/foerderverein-stadtmuseum-kt.de\/wp-content\/uploads\/2020\/05\/1554866_1_hugo_2_bg_p1513131-300x225.jpg 300w, https:\/\/foerderverein-stadtmuseum-kt.de\/wp-content\/uploads\/2020\/05\/1554866_1_hugo_2_bg_p1513131.jpg 420w\" sizes=\"auto, (max-width: 300px) 100vw, 300px\" \/><\/p>\n<p class=\"bodytext\"><b>2008 Johann Rudolph Glauber Projekttag im Armin Knab Gymnasium,<\/b>\u00a0unter Beteiligung der 7., 8. und 10. Klassen in den Bereichen Kunst, Geschichte und Chemie, in Kooperation mit Prof. Dr. Helmut Gebelein, Dr. Rainer Werthmann, Dr. Christiane Gerstner, Peter Ley, Margit Hofmann, Martin Schwab, Dr. Ekkehard Schreiter, Dr. Harald Knobling, Alfons von Truchse\u00df-Bruckner, organisiert vom Team des St\u00e4dtischen Museums Kitzingen. (April 2008)<\/p>\n<p>&nbsp;<\/p>\n","protected":false},"excerpt":{"rendered":"<p>2017 \u201eGegenwart sammeln und ausstellen\u201c &#8211; Fortbildungsveranstaltung\/Tagung im St\u00e4dtischen Museum Kitzingen\u00a0in Kooperation mit der Bayerischen Museumsakademie M\u00fcnchen und dem Bayerischen Landesverein f\u00fcr Heimatpflege M\u00fcnchen, sowie der Professur f\u00fcr Museologie W\u00fcrzburg.\u00a0Ziel&hellip;<\/p>\n","protected":false},"author":1,"featured_media":0,"parent":0,"menu_order":0,"comment_status":"closed","ping_status":"closed","template":"","meta":{"footnotes":""},"class_list":["post-349","page","type-page","status-publish","hentry"],"_links":{"self":[{"href":"https:\/\/foerderverein-stadtmuseum-kt.de\/index.php?rest_route=\/wp\/v2\/pages\/349","targetHints":{"allow":["GET"]}}],"collection":[{"href":"https:\/\/foerderverein-stadtmuseum-kt.de\/index.php?rest_route=\/wp\/v2\/pages"}],"about":[{"href":"https:\/\/foerderverein-stadtmuseum-kt.de\/index.php?rest_route=\/wp\/v2\/types\/page"}],"author":[{"embeddable":true,"href":"https:\/\/foerderverein-stadtmuseum-kt.de\/index.php?rest_route=\/wp\/v2\/users\/1"}],"replies":[{"embeddable":true,"href":"https:\/\/foerderverein-stadtmuseum-kt.de\/index.php?rest_route=%2Fwp%2Fv2%2Fcomments&post=349"}],"version-history":[{"count":15,"href":"https:\/\/foerderverein-stadtmuseum-kt.de\/index.php?rest_route=\/wp\/v2\/pages\/349\/revisions"}],"predecessor-version":[{"id":570,"href":"https:\/\/foerderverein-stadtmuseum-kt.de\/index.php?rest_route=\/wp\/v2\/pages\/349\/revisions\/570"}],"wp:attachment":[{"href":"https:\/\/foerderverein-stadtmuseum-kt.de\/index.php?rest_route=%2Fwp%2Fv2%2Fmedia&parent=349"}],"curies":[{"name":"wp","href":"https:\/\/api.w.org\/{rel}","templated":true}]}}

<p><img loading="lazy" decoding="async" class="alignnone size-medium wp-image-438 aligncenter" src="https://foerderverein-stadtmuseum-kt.de/wp-content/uploads/2020/04/IMG_2165a-300x150.jpg" alt="" width="300" height="150" srcset="https://foerderverein-stadtmuseum-kt.de/wp-content/uploads/2020/04/IMG_2165a-300x150.jpg 300w, https://foerderverein-stadtmuseum-kt.de/wp-content/uploads/2020/04/IMG_2165a-768x384.jpg 768w, https://foerderverein-stadtmuseum-kt.de/wp-content/uploads/2020/04/IMG_2165a-1024x512.jpg 1024w" sizes="auto, (max-width: 300px) 100vw, 300px" /></p>
<p class="bodytext"><b>2017 </b><b>„Gegenwart sammeln und ausstellen“ &#8211; Fortbildungsveranstaltung/Tagung im Städtischen Museum Kitzingen</b> in Kooperation mit der Bayerischen Museumsakademie München und dem Bayerischen Landesverein für Heimatpflege München, sowie der Professur für Museologie Würzburg.<b> </b>Ziel der Tagung war es, innerhalb von Fachvorträgen und drei World-Café-Stationen zu erarbeiten, inwieweit die Gegenwart in den kulturhistorischen Museen Bayerns thematisch Berücksichtigung findet, bzw. finden sollte. Ausgangspunkt war die aktuelle Beobachtung, dass Ausstellungen, Veranstaltungen und Sonderpräsentationen zur deutschen Geschichte in vielen kulturhistorischen Museen Bayerns inhaltlich spätestens mit dem Jahr 1945 enden. So war es eine zentrale Erkenntnis der Tagung, dass Heimatmuseen, die sich den Herausforderungen, sowie kulturellen und künstlerischen Phänomenen der Gegenwartskultur öffnen, eine besonders geeignete, von politischen und konfessionellen Schwellen freie, Kommunikationsplattform bieten, um einen Beitrag zur Entmythologisierung des Heimatbegriffes zu leisten. Das Museum Kitzingen gilt in Fachkreisen als Vorreiter für diese moderne, gegenwartsbezogene Position, wie sich bereits auf der Frühjahrstagung der Museumsakademie 2016 in München gezeigt hatte. Daher war es 2017 als Tagungsort für die aktuelle Fortbildungsveranstaltung zur Gegenwartskultur ausgewählt worden. (3. April 2017)</p>
<hr />
<p><img loading="lazy" decoding="async" class="alignnone size-medium wp-image-440 aligncenter" src="https://foerderverein-stadtmuseum-kt.de/wp-content/uploads/2020/04/UtfrMusuemstag-300x206.jpg" alt="" width="300" height="206" srcset="https://foerderverein-stadtmuseum-kt.de/wp-content/uploads/2020/04/UtfrMusuemstag-300x206.jpg 300w, https://foerderverein-stadtmuseum-kt.de/wp-content/uploads/2020/04/UtfrMusuemstag-768x527.jpg 768w, https://foerderverein-stadtmuseum-kt.de/wp-content/uploads/2020/04/UtfrMusuemstag-1024x703.jpg 1024w" sizes="auto, (max-width: 300px) 100vw, 300px" /></p>
<p class="bodytext"><strong>2011.</strong> <b>27. Unterfränkischer Museumstag im Städtischen Museum Kitzingen &#8211; „Archäologische Netzwerke“, </b>Tagung mit Exkursion (zweitägig) im Städtischen Museum Kitzingen in Kooperation mit Vertretern der Regierung und des Bezirks Unterfranken, Dr. Erwin Dotzel, Dr. Paul Beinhofer, Prof. Dr. Reder, Dr. Peter Ditze, weiterhin mit Prof. Dr. Frank Falkenstein, Lehrst. f. VFG-Archäologie der Uni Würzburg, Prof. Dr. Guido Fackler, Professur für Museologie an der Universität Würzburg, Dr. Michael Hoppe, BLfD, Dr. Albrecht Gribl, Landesstelle f. nichtstaatl. Museen, München, u.v.a.; (12. Oktober 2011)</p>
<hr />
<p><img loading="lazy" decoding="async" class="size-medium wp-image-559 aligncenter" src="https://foerderverein-stadtmuseum-kt.de/wp-content/uploads/2020/05/Bild-6-300x201.jpg" alt="" width="300" height="201" srcset="https://foerderverein-stadtmuseum-kt.de/wp-content/uploads/2020/05/Bild-6-300x201.jpg 300w, https://foerderverein-stadtmuseum-kt.de/wp-content/uploads/2020/05/Bild-6-768x514.jpg 768w, https://foerderverein-stadtmuseum-kt.de/wp-content/uploads/2020/05/Bild-6-150x100.jpg 150w, https://foerderverein-stadtmuseum-kt.de/wp-content/uploads/2020/05/Bild-6.jpg 968w" sizes="auto, (max-width: 300px) 100vw, 300px" /></p>
<p class="bodytext"><strong>2009 </strong> <b>Archäologie-Herbst mit Vorträgen</b>, Werner Gimperlein, Mark Brooks, Karl Schneider, Hans Koppelt, Peter Schöderlein, Markus Gebert, Erhard Greulich, Reinhold Hüßner, Wolfgang Döring, Inge Thomaier, Jürgen Haerth, Harald Delbrügge, Wolfgang Lauck, Norbert Bischof, Lisa-Marie Schneider, Stefan Preller, Barbara Daub, Julia Daub, Dipl. Ing. Frank Bier M.A., Dr. Moritz Kinzel M.A., Gudrun Etienne, Valentin Schreiber u.v.a. (Oktober 2009)</p>
<hr />
<p><img loading="lazy" decoding="async" class="size-medium wp-image-561 aligncenter" src="https://foerderverein-stadtmuseum-kt.de/wp-content/uploads/2020/05/PICT0137-300x199.jpg" alt="" width="300" height="199" /></p>
<p class="bodytext"><strong>2009</strong> <b>Zweites Johann Rudolph Glauber Symposium</b>, unter Mitwirkung von Dr. Rainer Werthmann, Prof. Dr. Helmut Gebelein, Justus-Liebig-Universität Gießen, Dr. Claudia Schweitzer, Musikhochschule Leipzig, Anette Potempa TU Schweinfurt/Würzburg. (17. Oktober 2009)</p>
<hr />
<p><img loading="lazy" decoding="async" class="size-medium wp-image-563 aligncenter" src="https://foerderverein-stadtmuseum-kt.de/wp-content/uploads/2020/05/SSA52005-300x225.jpg" alt="" width="300" height="225" /></p>
<p class="bodytext" style="text-align: left;"><b>2008 Erlebniswoche zur Archäologie im Landkreis Kitzingen.</b> Erlebnisangebote für Kinder sowie Exkursionen und Vorträge zu den Ergebnissen des Archäologischen Netzwerks Kitzinger Land in den Jahren 2005 &#8211; 2008 im Städtischen Museum Kitzingen, dem archäologische Museum in der alten Schule Segnitz (heute Segeum), Malerwinkelhaus Marktbreit, Archäologische Sammlung Buchbrunn im Rathaus, Großlangheim, Mainbernheim. (Oktober 2008)</p>
<hr />
<p><img loading="lazy" decoding="async" class="size-medium wp-image-565 aligncenter" src="https://foerderverein-stadtmuseum-kt.de/wp-content/uploads/2020/05/DSC03030-300x201.jpg" alt="" width="300" height="201" /></p>
<p class="bodytext"><strong>2008  </strong><b>Die Kitzinger „Knoff-Hoff-Show“ &#8211; Fachsymposium zur Johann Rudolph Glauber Ausstellung</b> <b>im Städtischen Museum Kitzingen und der Synagoge Kitzingen.</b> Anlass der feierlichen Veranstaltung war die Möglichkeit zur Fortsetzung des Johann Rudolph Glauber Forschungsprojektes aufgrund einer großzügigen Förderung durch die Kulturstiftung des Bezirks Unterfranken. Bezirkstagspräsident Erwin Dotzel stellte in seinem Grußwort die Bedeutung Glaubers für die Region Unterfranken vor. Nach einem anschaulichen und gut recherchierten Streifzug durch Glaubers Leben und Wirken verlieh der Bezirkstagspräsident seiner Freude über die laufenden Forschungen erkennbaren Ausdruck, indem er das in Kitzingen seit 2006 aufgenommene Glauber-Projekt als das wichtigste bezeichnete, „das zur Zeit von der Kulturstiftung des Bezirks Unterfranken gefördert wird“!  Auch lobte der Bezirkstagspräsident die vielfältigen didaktischen Möglichkeiten, welche das Projekt hinsichtlich der Vermittlung im Sinne des gemeinsamen Bildungsauftrages bereithalte, was sich auch an diesem Tag wieder an der bereitgestellten Versuchsanordnung Prof. Dr. Gebeleins zeige. Wohlwollend bezeichnet er die Installation als Kitzinger „Knoff-Hoff-Show“. Tagung in Kooperation mit Prof. Dr. Helmut Gebelein, Gießen, Dr. Rainer Werthmann, Kassel, Dr. Claudia Schweitzer, Leipzig, Martin Schwab und Dr. Christiane Gerstner, Armin Knab Gymnasium Kitzingen. (August 2008)</p>
<hr />
<p><img loading="lazy" decoding="async" class="size-medium wp-image-568 aligncenter" src="https://foerderverein-stadtmuseum-kt.de/wp-content/uploads/2020/05/1554866_1_hugo_2_bg_p1513131-300x225.jpg" alt="" width="300" height="225" srcset="https://foerderverein-stadtmuseum-kt.de/wp-content/uploads/2020/05/1554866_1_hugo_2_bg_p1513131-300x225.jpg 300w, https://foerderverein-stadtmuseum-kt.de/wp-content/uploads/2020/05/1554866_1_hugo_2_bg_p1513131.jpg 420w" sizes="auto, (max-width: 300px) 100vw, 300px" /></p>
<p class="bodytext"><b>2008 Johann Rudolph Glauber Projekttag im Armin Knab Gymnasium,</b> unter Beteiligung der 7., 8. und 10. Klassen in den Bereichen Kunst, Geschichte und Chemie, in Kooperation mit Prof. Dr. Helmut Gebelein, Dr. Rainer Werthmann, Dr. Christiane Gerstner, Peter Ley, Margit Hofmann, Martin Schwab, Dr. Ekkehard Schreiter, Dr. Harald Knobling, Alfons von Truchseß-Bruckner, organisiert vom Team des Städtischen Museums Kitzingen. (April 2008)</p>
<p>&nbsp;</p>

<p>2017 „Gegenwart sammeln und ausstellen“ &#8211; Fortbildungsveranstaltung/Tagung im Städtischen Museum Kitzingen in Kooperation mit der Bayerischen Museumsakademie München und dem Bayerischen Landesverein für Heimatpflege München, sowie der Professur für Museologie Würzburg. Ziel&hellip;</p>
